{"id":16,"date":"2019-05-23T18:07:13","date_gmt":"2019-05-23T16:07:13","guid":{"rendered":"http:\/\/refugedugoleon.com\/goleon\/?page_id=16"},"modified":"2025-12-03T16:06:33","modified_gmt":"2025-12-03T15:06:33","slug":"et-lhiver","status":"publish","type":"page","link":"https:\/\/refugedugoleon.com\/goleon\/?page_id=16","title":{"rendered":"Et l&rsquo;hiver?"},"content":{"rendered":"\n<figure class=\"wp-block-image is-resized\"><a href=\"http:\/\/www.refugedugoleon.com\/images\/pano-goleon-web.jpg\"><img decoding=\"async\" src=\"http:\/\/www.refugedugoleon.com\/images\/pano-goleon-web.jpg\" alt=\"\" style=\"width:1349px;height:216px\"\/><\/a><\/figure>\n\n\n\n<p>Accessible en ski de randonn\u00e9e ou en raquettes, le refuge offre un point de d\u00e9part pour de nombreuses courses de difficult\u00e9s vari\u00e9es et aux diverses expositions ( Aiguille du Gol\u00e9on, Aiguille d\u2019Argenti\u00e8re, \u2026 ).<\/p>\n\n\n\n<p>Infos montagne et encadrement : <br>&#8211; Bureau des Guides de la Grave 04 76 79 90 21<br>&#8211; ESF La Grave &#8211; La Meije 04 76 79 92 86<\/p>\n\n\n\n<p>Topoguide papier : <a href=\"http:\/\/www.olizane.ch\/article.php?IDrecord=105\" target=\"_blank\" rel=\"noreferrer noopener\">Ski de randonn\u00e9e &#8211; Hautes Alpes<\/a>  <br>                                  <em>Emmanuel Cabau \u2013 Herv\u00e9 Galley Editions Olizane<\/em><\/p>\n\n\n\n<p>Topoguides en lignes sur <a rel=\"noreferrer noopener\" href=\"https:\/\/www.camptocamp.org\/routes?w=132273&amp;act=skitouring,snow_ice_mixed,ice_climbing,snowshoeing\" target=\"_blank\">Camptocamp<\/a> ou <a rel=\"noreferrer noopener\" href=\"http:\/\/www.skitour.fr\/refuges\/refuge-du-goleon,339.html\" target=\"_blank\">Skitour<\/a>, n&rsquo;h\u00e9sitez pas \u00e0 y faire vos retours de course !<\/p>\n\n\n\n<h3 class=\"wp-block-heading\"><strong>Quelques id\u00e9es de courses \u00e0 ski au d\u00e9part du refuge ( 2464 m )<\/strong>&nbsp;:<\/h3>\n\n\n<div class=\"wp-block-image\">\n<figure class=\"alignright is-resized\"><a href=\"http:\/\/www.refugedugoleon.com\/images\/montee-au-refuge.jpg\"><img decoding=\"async\" src=\"http:\/\/www.refugedugoleon.com\/images\/montee-au-refuge.jpg\" alt=\"\" style=\"width:227px;height:338px\"\/><\/a><\/figure><\/div>\n\n\n<p><a href=\"https:\/\/www.camptocamp.org\/routes\/49621\"><strong>Col Lombard<\/strong>&nbsp;<\/a>: 3092 m \u2013 Facile \u2013 Sud Est<\/p>\n\n\n\n<p><strong><a href=\"https:\/\/www.camptocamp.org\/routes\/185824\" target=\"_blank\" rel=\"noreferrer noopener\">Tour de Roche de Casse<\/a><\/strong>&nbsp;: 2707 m \u2013 Peu difficile \u2013 C\u2019est une possibilit\u00e9 d\u2019acc\u00e8s au refuge en cas de conditions nivologiques et\/ou m\u00e9t\u00e9o incertaine dans le vallon du Mauriand.<\/p>\n\n\n\n<p><a href=\"https:\/\/www.camptocamp.org\/routes\/49773\" target=\"_blank\" rel=\"noreferrer noopener\"><strong>Aiguille occidentale de la Saussaz<\/strong>&nbsp;<\/a>: 3340 m \u2013 Peu difficile \u2013 Sud Est puis Sud Ouest<\/p>\n\n\n\n<p><strong><a href=\"https:\/\/www.camptocamp.org\/routes\/1107555\">Aiguille orientale de la Saussaz<\/a><\/strong>&nbsp;: 3323 m \u2013 150 m en S4 \/ S5 \u2013 Sud<\/p>\n\n\n\n<p><strong><a href=\"https:\/\/www.camptocamp.org\/routes\/45909\" target=\"_blank\" rel=\"noreferrer noopener\">Aiguille centrale de la Saussaz<\/a><\/strong>&nbsp;: 3361 m \u2013 jolie pente S3 \u2013 Sud Est<\/p>\n\n\n<div class=\"wp-block-image\">\n<figure class=\"alignright is-resized\"><a href=\"http:\/\/www.refugedugoleon.com\/images\/saussaz.jpg\"><img decoding=\"async\" src=\"http:\/\/www.refugedugoleon.com\/images\/saussaz.jpg\" alt=\"\" style=\"width:366px;height:244px\"\/><\/a><figcaption class=\"wp-element-caption\">Aiguille de la Saussaz<\/figcaption><\/figure><\/div>\n\n\n<p class=\"has-text-align-left\"><strong><a href=\"https:\/\/www.camptocamp.org\/routes\/50832\" target=\"_blank\" rel=\"noreferrer noopener\">Pointe Salvador<\/a><\/strong>&nbsp;: 3202 m \u2013 Sud Est \u2013 Peu difficile<\/p>\n\n\n\n<p><strong><a href=\"https:\/\/www.camptocamp.org\/routes\/45795\" target=\"_blank\" rel=\"noreferrer noopener\">Aiguille du Gol\u00e9on<\/a>&nbsp;<\/strong>: 3427 m \u2013 versant Nord \u2013 skiable depuis le sommet mais c\u2019est raide (S5)&nbsp;\u2013 Il vaut mieux faire l\u2019aller retour sur l\u2019ar\u00eate Ouest facile.<\/p>\n\n\n\n<p><strong><strong>Aiguille du Gol\u00e9on&nbsp;<\/strong>&nbsp;<\/strong>: 3427 m \u2013 tour et sommet par l\u2019ar\u00eate Sud Ouest \u2013 Difficile, expos\u00e9. Course compl\u00e8te avec alpinisme et pente raide.<\/p>\n\n\n<div class=\"wp-block-image\">\n<figure class=\"alignright\"><a href=\"http:\/\/www.refugedugoleon.com\/images\/charrat.jpg\"><img decoding=\"async\" src=\"http:\/\/www.refugedugoleon.com\/images\/argent.jpg\" alt=\"\"\/><\/a><figcaption class=\"wp-element-caption\">Aiguille d&rsquo;Argenti\u00e8re<\/figcaption><\/figure><\/div>\n\n\n<p><strong><a href=\"https:\/\/www.camptocamp.org\/routes\/1111416\" target=\"_blank\" rel=\"noreferrer noopener\">Col du Gol\u00e9on<\/a>&nbsp;<\/strong>\u2013 2873 m \u2013 Sud Ouest \u2013 Assez difficile moins<\/p>\n\n\n\n<p><strong><a href=\"https:\/\/www.camptocamp.org\/routes\/48856\" target=\"_blank\" rel=\"noreferrer noopener\">Aiguille d\u2019Argenti\u00e8re<\/a><\/strong>&nbsp;\u2013 3237 m \u2013 Sud Ouest \u00e0 Sud \u2013 Assez difficile \u00e0 difficile.<\/p>\n\n\n\n<p><\/p>\n\n\n\n<p><strong> <a href=\"https:\/\/www.camptocamp.org\/routes\/48087\" target=\"_blank\" rel=\"noreferrer noopener\">Col de la Charrat<\/a><\/strong>&nbsp;\u2013 2884 m \u2013 Nord Ouest         Assez difficile <\/p>\n\n\n\n<p><strong><a href=\"https:\/\/www.camptocamp.org\/routes\/1109246\" target=\"_blank\" rel=\"noreferrer noopener\">Tour de la pointe des Lauzette<\/a><\/strong>&nbsp;\u2013 2884 m \u2013 Assez difficile<\/p>\n\n\n<div class=\"wp-block-image\">\n<figure class=\"alignleft is-resized\"><img decoding=\"async\" src=\"http:\/\/www.refugedugoleon.com\/images\/charrat.jpg\" alt=\"\" style=\"width:225px;height:338px\"\/><figcaption class=\"wp-element-caption\">Col de la Charrat<\/figcaption><\/figure><\/div>\n\n\n<p>Ou encore des travers\u00e9es vers la Savoie ( Tour des Aiguilles d&rsquo;Arves ) en traversant vers le <a href=\"https:\/\/refugedesaiguillesdarves.ffcam.fr\/\">refuge des Aiguilles d&rsquo;Arves<\/a>\u00a0par diff\u00e9rents\u00a0itin\u00e9raires ( Col des Trois pointes, Col du Gol\u00e9on, \u2026 ), ou vers le refuge du <a href=\"https:\/\/refugedupicdumasdelagrave.fr\/\">Pic du Mas la de la Grave<\/a> ou encore du <a href=\"https:\/\/www.refugedugalibier.fr\/index.php\/fr\/s\">Galibier<\/a>.<\/p>\n\n\n\n<p><\/p>\n","protected":false},"excerpt":{"rendered":"<p>Accessible en ski de randonn\u00e9e ou en raquettes, le refuge offre un point de d\u00e9part pour de nombreuses courses de difficult\u00e9s vari\u00e9es et aux diverses expositions ( Aiguille du Gol\u00e9on, Aiguille d\u2019Argenti\u00e8re, \u2026 ). Infos montagne et encadrement : &#8211; Bureau des Guides de la Grave 04 76 79 90 21&#8211; ESF La Grave &#8211; La Meije 04 76 79 92 86 Topoguide papier : Ski de randonn\u00e9e &#8211; Hautes Alpes Emmanuel Cabau \u2013 Herv\u00e9 Galley Editions Olizane Topoguides en&#8230;<\/p>\n<p class=\"read-more\"><a class=\"btn btn-default\" href=\"https:\/\/refugedugoleon.com\/goleon\/?page_id=16\">Lire la suite<span class=\"screen-reader-text\"> Lire la suite<\/span><\/a><\/p>\n","protected":false},"author":1,"featured_media":0,"parent":0,"menu_order":0,"comment_status":"closed","ping_status":"closed","template":"","meta":{"footnotes":""},"_links":{"self":[{"href":"https:\/\/refugedugoleon.com\/goleon\/index.php?rest_route=\/wp\/v2\/pages\/16"}],"collection":[{"href":"https:\/\/refugedugoleon.com\/goleon\/index.php?rest_route=\/wp\/v2\/pages"}],"about":[{"href":"https:\/\/refugedugoleon.com\/goleon\/index.php?rest_route=\/wp\/v2\/types\/page"}],"author":[{"embeddable":true,"href":"https:\/\/refugedugoleon.com\/goleon\/index.php?rest_route=\/wp\/v2\/users\/1"}],"replies":[{"embeddable":true,"href":"https:\/\/refugedugoleon.com\/goleon\/index.php?rest_route=%2Fwp%2Fv2%2Fcomments&post=16"}],"version-history":[{"count":21,"href":"https:\/\/refugedugoleon.com\/goleon\/index.php?rest_route=\/wp\/v2\/pages\/16\/revisions"}],"predecessor-version":[{"id":950,"href":"https:\/\/refugedugoleon.com\/goleon\/index.php?rest_route=\/wp\/v2\/pages\/16\/revisions\/950"}],"wp:attachment":[{"href":"https:\/\/refugedugoleon.com\/goleon\/index.php?rest_route=%2Fwp%2Fv2%2Fmedia&parent=16"}],"curies":[{"name":"wp","href":"https:\/\/api.w.org\/{rel}","templated":true}]}}